{"id":1126,"date":"2024-07-25T13:17:14","date_gmt":"2024-07-25T11:17:14","guid":{"rendered":"https:\/\/ndist.ci\/ndi-admin\/?post_type=product&#038;p=1126"},"modified":"2024-07-25T13:17:14","modified_gmt":"2024-07-25T11:17:14","slug":"certificat-responsable-informatique-reseaux-telecoms-crist","status":"publish","type":"product","link":"https:\/\/ndist.ci\/ndi-admin\/index.php\/produit\/certificat-responsable-informatique-reseaux-telecoms-crist\/","title":{"rendered":"Certificat Responsable Informatique &#038; R\u00e9seaux T\u00e9l\u00e9coms (CRIST)"},"content":{"rendered":"<div class=\"page\" title=\"Page 39\">\n<div class=\"section\">\n<div class=\"layoutArea\">\n<div class=\"column\">\n<p>Cette formation est un indispensable pour tout professionnel qui cherche a\u0300 comprendre et mettre en oeuvre un re\u0301seau informatique d&rsquo;entreprise. Il dispense tous les aspects importants d&rsquo;un re\u0301seau informatique notamment les fonctionnalite\u0301s et la mise en oeuvre des e\u0301quipements d&rsquo;interconnexion en insistant sur les routeurs, TCP\/IP et les protocoles de plus haut niveau comme DHCP, DNS, HTTP, etc.<\/p>\n<p>Elle se comple\u0300te par de nombreux travaux pratiques qui permettront a\u0300 son participant d&rsquo;e\u0302tre ope\u0301rationnel de\u0300s sa sortie de stage en e\u0301tant capable de configurer et d&rsquo;interconnecter des postes client sous Windows ou Unix\/Linux.<\/p>\n<\/div>\n<\/div>\n<\/div>\n<\/div>\n","protected":false},"excerpt":{"rendered":"<p class=\"p1\"><b>Dur\u00e9e<\/b><\/p>\n<p class=\"p1\">2 \u00e0 4 mois<\/p>\n<p class=\"p1\"><b>Prix<\/b><\/p>\n<p class=\"p1\">Nous consulter<\/p>\n<p class=\"p1\"><b>P\u00e9riode<\/b><\/p>\n<p class=\"p1\">Nous consulter<\/p>\n","protected":false},"featured_media":1130,"template":"","meta":[],"product_brand":[],"product_cat":[25,38],"product_tag":[],"class_list":{"0":"post-1126","1":"product","2":"type-product","3":"status-publish","4":"has-post-thumbnail","6":"product_cat-formations","7":"product_cat-informatique-reseau-telecom","9":"first","10":"instock","11":"shipping-taxable","12":"product-type-simple"},"_links":{"self":[{"href":"https:\/\/ndist.ci\/ndi-admin\/index.php\/wp-json\/wp\/v2\/product\/1126","targetHints":{"allow":["GET"]}}],"collection":[{"href":"https:\/\/ndist.ci\/ndi-admin\/index.php\/wp-json\/wp\/v2\/product"}],"about":[{"href":"https:\/\/ndist.ci\/ndi-admin\/index.php\/wp-json\/wp\/v2\/types\/product"}],"wp:featuredmedia":[{"embeddable":true,"href":"https:\/\/ndist.ci\/ndi-admin\/index.php\/wp-json\/wp\/v2\/media\/1130"}],"wp:attachment":[{"href":"https:\/\/ndist.ci\/ndi-admin\/index.php\/wp-json\/wp\/v2\/media?parent=1126"}],"wp:term":[{"taxonomy":"product_brand","embeddable":true,"href":"https:\/\/ndist.ci\/ndi-admin\/index.php\/wp-json\/wp\/v2\/product_brand?post=1126"},{"taxonomy":"product_cat","embeddable":true,"href":"https:\/\/ndist.ci\/ndi-admin\/index.php\/wp-json\/wp\/v2\/product_cat?post=1126"},{"taxonomy":"product_tag","embeddable":true,"href":"https:\/\/ndist.ci\/ndi-admin\/index.php\/wp-json\/wp\/v2\/product_tag?post=1126"}],"curies":[{"name":"wp","href":"https:\/\/api.w.org\/{rel}","templated":true}]}}