{"id":1037,"date":"2024-07-24T00:07:32","date_gmt":"2024-07-23T22:07:32","guid":{"rendered":"https:\/\/ndist.ci\/ndi-admin\/?post_type=product&#038;p=1037"},"modified":"2024-07-24T00:07:33","modified_gmt":"2024-07-23T22:07:33","slug":"cism-certified-information-security-manager","status":"publish","type":"product","link":"https:\/\/ndist.ci\/ndi-admin\/index.php\/produit\/cism-certified-information-security-manager\/","title":{"rendered":"CISM\u00ae &#8211; Certified Information Security Manager"},"content":{"rendered":"<div class=\"page\" title=\"Page 15\">\n<div class=\"section\">\n<div class=\"layoutArea\">\n<div class=\"column\">\n<p>Conc\u0327u en 2002 par l\u2019ISACA\u00ae (l\u2019Association professionnelle des Auditeurs des Syste\u0300mes d\u2019Informations), la certification CISM\u00ae (Certified Information Security Manager) est l\u2019une des certifications en gestion de la se\u0301curite\u0301 les plus recherch\u00e9es et les mieux r\u00e9mun\u00e9r\u00e9es. Elle traite des diffe\u0301rents aspects se\u0301curitaires des SI, de la gouvernance, du contro\u0302le et de la gestion des risques de l\u2019information. Avec cette formation, vous acce\u0301derez aux compe\u0301tences fondamentales et aux connaissances des normes internationales que doit posse\u0301der tout manager de la se\u0301curite\u0301 de l\u2019information.<\/p>\n<\/div>\n<\/div>\n<\/div>\n<\/div>\n","protected":false},"excerpt":{"rendered":"<div class=\"page\" title=\"Page 15\">\n<div class=\"section\">\n<div class=\"layoutArea\">\n<div class=\"column\">\n<p><strong>Nombre de jours<\/strong><\/p>\n<p>4 Jours<\/p>\n<p><strong>Prix<\/strong><\/p>\n<p>Nous consulter<\/p>\n<p><strong>Pe\u0301riode<\/strong><\/p>\n<p>Nous consulter<\/p>\n<\/div>\n<\/div>\n<\/div>\n<\/div>\n","protected":false},"featured_media":1038,"template":"","meta":[],"product_brand":[],"product_cat":[27,25],"product_tag":[],"class_list":{"0":"post-1037","1":"product","2":"type-product","3":"status-publish","4":"has-post-thumbnail","6":"product_cat-cyber-et-securite-informatique","7":"product_cat-formations","9":"first","10":"instock","11":"shipping-taxable","12":"product-type-simple"},"_links":{"self":[{"href":"https:\/\/ndist.ci\/ndi-admin\/index.php\/wp-json\/wp\/v2\/product\/1037","targetHints":{"allow":["GET"]}}],"collection":[{"href":"https:\/\/ndist.ci\/ndi-admin\/index.php\/wp-json\/wp\/v2\/product"}],"about":[{"href":"https:\/\/ndist.ci\/ndi-admin\/index.php\/wp-json\/wp\/v2\/types\/product"}],"wp:featuredmedia":[{"embeddable":true,"href":"https:\/\/ndist.ci\/ndi-admin\/index.php\/wp-json\/wp\/v2\/media\/1038"}],"wp:attachment":[{"href":"https:\/\/ndist.ci\/ndi-admin\/index.php\/wp-json\/wp\/v2\/media?parent=1037"}],"wp:term":[{"taxonomy":"product_brand","embeddable":true,"href":"https:\/\/ndist.ci\/ndi-admin\/index.php\/wp-json\/wp\/v2\/product_brand?post=1037"},{"taxonomy":"product_cat","embeddable":true,"href":"https:\/\/ndist.ci\/ndi-admin\/index.php\/wp-json\/wp\/v2\/product_cat?post=1037"},{"taxonomy":"product_tag","embeddable":true,"href":"https:\/\/ndist.ci\/ndi-admin\/index.php\/wp-json\/wp\/v2\/product_tag?post=1037"}],"curies":[{"name":"wp","href":"https:\/\/api.w.org\/{rel}","templated":true}]}}