{"id":722,"date":"2024-04-05T02:15:42","date_gmt":"2024-04-05T00:15:42","guid":{"rendered":"https:\/\/ndist.ci\/ndi-admin\/?page_id=722"},"modified":"2024-04-05T02:27:04","modified_gmt":"2024-04-05T00:27:04","slug":"logitech","status":"publish","type":"page","link":"https:\/\/ndist.ci\/ndi-admin\/index.php\/logitech\/","title":{"rendered":"Logitech"},"content":{"rendered":"\t\t<div data-elementor-type=\"wp-page\" data-elementor-id=\"722\" class=\"elementor elementor-722\" data-elementor-post-type=\"page\">\n\t\t\t\t<div data-particle_enable=\"false\" data-particle-mobile-disabled=\"false\" class=\"elementor-element elementor-element-7485325 e-con-full e-flex e-con e-parent\" data-id=\"7485325\" data-element_type=\"container\" data-settings=\"{&quot;background_background&quot;:&quot;classic&quot;}\">\n\t\t\t\t<div class=\"elementor-element elementor-element-cbfda4b elementor-widget elementor-widget-heading\" data-id=\"cbfda4b\" data-element_type=\"widget\" data-widget_type=\"heading.default\">\n\t\t\t\t<div class=\"elementor-widget-container\">\n\t\t\t\t\t<h2 class=\"elementor-heading-title elementor-size-default\">LOGITECH<\/h2>\t\t\t\t<\/div>\n\t\t\t\t<\/div>\n\t\t\t\t<\/div>\n\t\t<div data-particle_enable=\"false\" data-particle-mobile-disabled=\"false\" class=\"elementor-element elementor-element-db1a3d2 e-flex e-con-boxed e-con e-parent\" data-id=\"db1a3d2\" data-element_type=\"container\" data-settings=\"{&quot;background_background&quot;:&quot;classic&quot;}\">\n\t\t\t\t\t<div class=\"e-con-inner\">\n\t\t<div data-particle_enable=\"false\" data-particle-mobile-disabled=\"false\" class=\"elementor-element elementor-element-3f4e3b6 e-flex e-con-boxed e-con e-child\" data-id=\"3f4e3b6\" data-element_type=\"container\">\n\t\t\t\t\t<div class=\"e-con-inner\">\n\t\t<div data-particle_enable=\"false\" data-particle-mobile-disabled=\"false\" class=\"elementor-element elementor-element-86d4de2 e-flex e-con-boxed e-con e-child\" data-id=\"86d4de2\" data-element_type=\"container\">\n\t\t\t\t\t<div class=\"e-con-inner\">\n\t\t\t\t<div class=\"elementor-element elementor-element-d9bb90a elementor-widget elementor-widget-heading\" data-id=\"d9bb90a\" data-element_type=\"widget\" data-widget_type=\"heading.default\">\n\t\t\t\t<div class=\"elementor-widget-container\">\n\t\t\t\t\t<h2 class=\"elementor-heading-title elementor-size-default\">Solutions professionnelles<\/h2>\t\t\t\t<\/div>\n\t\t\t\t<\/div>\n\t\t\t\t<div class=\"elementor-element elementor-element-d466ca4 elementor-widget elementor-widget-heading\" data-id=\"d466ca4\" data-element_type=\"widget\" data-widget_type=\"heading.default\">\n\t\t\t\t<div class=\"elementor-widget-container\">\n\t\t\t\t\t<h2 class=\"elementor-heading-title elementor-size-default\">P\u00e9riph\u00e9riques informatiques<\/h2>\t\t\t\t<\/div>\n\t\t\t\t<\/div>\n\t\t\t\t<div class=\"elementor-element elementor-element-6c6b77a elementor-widget elementor-widget-text-editor\" data-id=\"6c6b77a\" data-element_type=\"widget\" data-widget_type=\"text-editor.default\">\n\t\t\t\t<div class=\"elementor-widget-container\">\n\t\t\t\t\t\t\t\t\t<p>Entreprise suisse ax\u00e9e sur l&rsquo;innovation et la qualit\u00e9, Logitech con\u00e7oit des produits qui aident les entreprises \u00e0 prosp\u00e9rer et \u00e0 rassembler les gens gr\u00e2ce \u00e0 la musique, aux jeux, au streaming, \u00e0 la vid\u00e9o et \u00e0 l\u2019informatique. Parmi les marques de Logitech figurent Logitech, Logitech G, ASTRO Gaming, Ultimate Ears, Jaybird, Blue Microphones et Streamlabs.<\/p>\t\t\t\t\t\t\t\t<\/div>\n\t\t\t\t<\/div>\n\t\t\t\t\t<\/div>\n\t\t\t\t<\/div>\n\t\t<div data-particle_enable=\"false\" data-particle-mobile-disabled=\"false\" class=\"elementor-element elementor-element-6ace0b0 e-flex e-con-boxed e-con e-child\" data-id=\"6ace0b0\" data-element_type=\"container\">\n\t\t\t\t\t<div class=\"e-con-inner\">\n\t\t\t\t<div class=\"elementor-element elementor-element-c67b5f8 elementor-widget elementor-widget-image\" data-id=\"c67b5f8\" data-element_type=\"widget\" data-widget_type=\"image.default\">\n\t\t\t\t<div class=\"elementor-widget-container\">\n\t\t\t\t\t\t\t\t\t\t\t\t\t\t\t<img fetchpriority=\"high\" decoding=\"async\" width=\"640\" height=\"195\" src=\"https:\/\/ndist.ci\/ndi-admin\/wp-content\/uploads\/2024\/04\/Logitech_logo.svg_.png\" class=\"attachment-full size-full wp-image-738\" alt=\"\" srcset=\"https:\/\/ndist.ci\/ndi-admin\/wp-content\/uploads\/2024\/04\/Logitech_logo.svg_.png 640w, https:\/\/ndist.ci\/ndi-admin\/wp-content\/uploads\/2024\/04\/Logitech_logo.svg_-300x91.png 300w\" sizes=\"(max-width: 640px) 100vw, 640px\" \/>\t\t\t\t\t\t\t\t\t\t\t\t\t\t\t<\/div>\n\t\t\t\t<\/div>\n\t\t\t\t\t<\/div>\n\t\t\t\t<\/div>\n\t\t\t\t\t<\/div>\n\t\t\t\t<\/div>\n\t\t<div data-particle_enable=\"false\" data-particle-mobile-disabled=\"false\" class=\"elementor-element elementor-element-e35f01a e-flex e-con-boxed e-con e-child\" data-id=\"e35f01a\" data-element_type=\"container\">\n\t\t\t\t\t<div class=\"e-con-inner\">\n\t\t<div data-particle_enable=\"false\" data-particle-mobile-disabled=\"false\" class=\"elementor-element elementor-element-d0fd728 e-flex e-con-boxed e-con e-child\" data-id=\"d0fd728\" data-element_type=\"container\">\n\t\t\t\t\t<div class=\"e-con-inner\">\n\t\t\t\t<div class=\"elementor-element elementor-element-55e4ba6 elementor-widget elementor-widget-image\" data-id=\"55e4ba6\" data-element_type=\"widget\" data-widget_type=\"image.default\">\n\t\t\t\t<div class=\"elementor-widget-container\">\n\t\t\t\t\t\t\t\t\t\t\t\t\t\t\t<img decoding=\"async\" width=\"800\" height=\"258\" src=\"https:\/\/ndist.ci\/ndi-admin\/wp-content\/uploads\/2024\/04\/Capture-decran-2024-04-05-a-00.25.01-1024x330.png\" class=\"attachment-large size-large wp-image-742\" alt=\"\" srcset=\"https:\/\/ndist.ci\/ndi-admin\/wp-content\/uploads\/2024\/04\/Capture-decran-2024-04-05-a-00.25.01-1024x330.png 1024w, https:\/\/ndist.ci\/ndi-admin\/wp-content\/uploads\/2024\/04\/Capture-decran-2024-04-05-a-00.25.01-300x97.png 300w, https:\/\/ndist.ci\/ndi-admin\/wp-content\/uploads\/2024\/04\/Capture-decran-2024-04-05-a-00.25.01-768x248.png 768w, https:\/\/ndist.ci\/ndi-admin\/wp-content\/uploads\/2024\/04\/Capture-decran-2024-04-05-a-00.25.01.png 1364w\" sizes=\"(max-width: 800px) 100vw, 800px\" \/>\t\t\t\t\t\t\t\t\t\t\t\t\t\t\t<\/div>\n\t\t\t\t<\/div>\n\t\t\t\t\t<\/div>\n\t\t\t\t<\/div>\n\t\t<div data-particle_enable=\"false\" data-particle-mobile-disabled=\"false\" class=\"elementor-element elementor-element-6ae416d e-flex e-con-boxed e-con e-child\" data-id=\"6ae416d\" data-element_type=\"container\">\n\t\t\t\t\t<div class=\"e-con-inner\">\n\t\t\t\t<div class=\"elementor-element elementor-element-a3c5ad6 elementor-widget elementor-widget-image\" data-id=\"a3c5ad6\" data-element_type=\"widget\" data-widget_type=\"image.default\">\n\t\t\t\t<div class=\"elementor-widget-container\">\n\t\t\t\t\t\t\t\t\t\t\t\t\t\t\t<img decoding=\"async\" width=\"800\" height=\"258\" src=\"https:\/\/ndist.ci\/ndi-admin\/wp-content\/uploads\/2024\/04\/Capture-decran-2024-04-05-a-00.25.11-1024x330.png\" class=\"attachment-large size-large wp-image-743\" alt=\"\" srcset=\"https:\/\/ndist.ci\/ndi-admin\/wp-content\/uploads\/2024\/04\/Capture-decran-2024-04-05-a-00.25.11-1024x330.png 1024w, https:\/\/ndist.ci\/ndi-admin\/wp-content\/uploads\/2024\/04\/Capture-decran-2024-04-05-a-00.25.11-300x97.png 300w, https:\/\/ndist.ci\/ndi-admin\/wp-content\/uploads\/2024\/04\/Capture-decran-2024-04-05-a-00.25.11-768x248.png 768w, https:\/\/ndist.ci\/ndi-admin\/wp-content\/uploads\/2024\/04\/Capture-decran-2024-04-05-a-00.25.11.png 1364w\" sizes=\"(max-width: 800px) 100vw, 800px\" \/>\t\t\t\t\t\t\t\t\t\t\t\t\t\t\t<\/div>\n\t\t\t\t<\/div>\n\t\t\t\t\t<\/div>\n\t\t\t\t<\/div>\n\t\t\t\t\t<\/div>\n\t\t\t\t<\/div>\n\t\t<div data-particle_enable=\"false\" data-particle-mobile-disabled=\"false\" class=\"elementor-element elementor-element-97f3ebe e-flex e-con-boxed e-con e-child\" data-id=\"97f3ebe\" data-element_type=\"container\">\n\t\t\t\t\t<div class=\"e-con-inner\">\n\t\t<div data-particle_enable=\"false\" data-particle-mobile-disabled=\"false\" class=\"elementor-element elementor-element-f39c230 e-flex e-con-boxed e-con e-child\" data-id=\"f39c230\" data-element_type=\"container\">\n\t\t\t\t\t<div class=\"e-con-inner\">\n\t\t\t\t<div class=\"elementor-element elementor-element-bed4f9b elementor-widget elementor-widget-image\" data-id=\"bed4f9b\" data-element_type=\"widget\" data-widget_type=\"image.default\">\n\t\t\t\t<div class=\"elementor-widget-container\">\n\t\t\t\t\t\t\t\t\t\t\t\t\t\t\t<img loading=\"lazy\" decoding=\"async\" width=\"768\" height=\"448\" src=\"https:\/\/ndist.ci\/ndi-admin\/wp-content\/uploads\/2024\/04\/Capture-decran-2024-04-05-a-00.23.32-768x448.png\" class=\"attachment-medium_large size-medium_large wp-image-744\" alt=\"\" srcset=\"https:\/\/ndist.ci\/ndi-admin\/wp-content\/uploads\/2024\/04\/Capture-decran-2024-04-05-a-00.23.32-768x448.png 768w, https:\/\/ndist.ci\/ndi-admin\/wp-content\/uploads\/2024\/04\/Capture-decran-2024-04-05-a-00.23.32-300x175.png 300w, https:\/\/ndist.ci\/ndi-admin\/wp-content\/uploads\/2024\/04\/Capture-decran-2024-04-05-a-00.23.32-1024x597.png 1024w, https:\/\/ndist.ci\/ndi-admin\/wp-content\/uploads\/2024\/04\/Capture-decran-2024-04-05-a-00.23.32.png 1372w\" sizes=\"(max-width: 768px) 100vw, 768px\" \/>\t\t\t\t\t\t\t\t\t\t\t\t\t\t\t<\/div>\n\t\t\t\t<\/div>\n\t\t\t\t\t<\/div>\n\t\t\t\t<\/div>\n\t\t\t\t\t<\/div>\n\t\t\t\t<\/div>\n\t\t<div data-particle_enable=\"false\" data-particle-mobile-disabled=\"false\" class=\"elementor-element elementor-element-0190eac e-flex e-con-boxed e-con e-child\" data-id=\"0190eac\" data-element_type=\"container\">\n\t\t\t\t\t<div class=\"e-con-inner\">\n\t\t<div data-particle_enable=\"false\" data-particle-mobile-disabled=\"false\" class=\"elementor-element elementor-element-54fdac2 e-flex e-con-boxed e-con e-child\" data-id=\"54fdac2\" data-element_type=\"container\">\n\t\t\t\t\t<div class=\"e-con-inner\">\n\t\t\t\t<div class=\"elementor-element elementor-element-5505d80 elementor-widget elementor-widget-image\" data-id=\"5505d80\" data-element_type=\"widget\" data-widget_type=\"image.default\">\n\t\t\t\t<div class=\"elementor-widget-container\">\n\t\t\t\t\t\t\t\t\t\t\t\t\t\t\t<img loading=\"lazy\" decoding=\"async\" width=\"768\" height=\"792\" src=\"https:\/\/ndist.ci\/ndi-admin\/wp-content\/uploads\/2024\/04\/Capture-decran-2024-04-05-a-00.24.08-768x792.png\" class=\"attachment-medium_large size-medium_large wp-image-745\" alt=\"\" srcset=\"https:\/\/ndist.ci\/ndi-admin\/wp-content\/uploads\/2024\/04\/Capture-decran-2024-04-05-a-00.24.08-768x792.png 768w, https:\/\/ndist.ci\/ndi-admin\/wp-content\/uploads\/2024\/04\/Capture-decran-2024-04-05-a-00.24.08-291x300.png 291w, https:\/\/ndist.ci\/ndi-admin\/wp-content\/uploads\/2024\/04\/Capture-decran-2024-04-05-a-00.24.08-993x1024.png 993w, https:\/\/ndist.ci\/ndi-admin\/wp-content\/uploads\/2024\/04\/Capture-decran-2024-04-05-a-00.24.08.png 1288w\" sizes=\"(max-width: 768px) 100vw, 768px\" \/>\t\t\t\t\t\t\t\t\t\t\t\t\t\t\t<\/div>\n\t\t\t\t<\/div>\n\t\t\t\t\t<\/div>\n\t\t\t\t<\/div>\n\t\t\t\t\t<\/div>\n\t\t\t\t<\/div>\n\t\t\t\t\t<\/div>\n\t\t\t\t<\/div>\n\t\t\t\t<\/div>\n\t\t","protected":false},"excerpt":{"rendered":"<p>LOGITECH Solutions professionnelles P\u00e9riph\u00e9riques informatiques Entreprise suisse ax\u00e9e sur l&rsquo;innovation et la qualit\u00e9, Logitech con\u00e7oit des produits qui aident les entreprises \u00e0 prosp\u00e9rer et \u00e0 rassembler les gens gr\u00e2ce \u00e0 la musique, aux jeux, au streaming, \u00e0 la vid\u00e9o et \u00e0 l\u2019informatique. Parmi les marques de Logitech figurent Logitech, Logitech G, ASTRO Gaming, Ultimate Ears, [&hellip;]<\/p>\n","protected":false},"author":1,"featured_media":0,"parent":0,"menu_order":0,"comment_status":"closed","ping_status":"closed","template":"","meta":{"footnotes":""},"class_list":["post-722","page","type-page","status-publish","hentry"],"_links":{"self":[{"href":"https:\/\/ndist.ci\/ndi-admin\/index.php\/wp-json\/wp\/v2\/pages\/722","targetHints":{"allow":["GET"]}}],"collection":[{"href":"https:\/\/ndist.ci\/ndi-admin\/index.php\/wp-json\/wp\/v2\/pages"}],"about":[{"href":"https:\/\/ndist.ci\/ndi-admin\/index.php\/wp-json\/wp\/v2\/types\/page"}],"author":[{"embeddable":true,"href":"https:\/\/ndist.ci\/ndi-admin\/index.php\/wp-json\/wp\/v2\/users\/1"}],"replies":[{"embeddable":true,"href":"https:\/\/ndist.ci\/ndi-admin\/index.php\/wp-json\/wp\/v2\/comments?post=722"}],"version-history":[{"count":15,"href":"https:\/\/ndist.ci\/ndi-admin\/index.php\/wp-json\/wp\/v2\/pages\/722\/revisions"}],"predecessor-version":[{"id":748,"href":"https:\/\/ndist.ci\/ndi-admin\/index.php\/wp-json\/wp\/v2\/pages\/722\/revisions\/748"}],"wp:attachment":[{"href":"https:\/\/ndist.ci\/ndi-admin\/index.php\/wp-json\/wp\/v2\/media?parent=722"}],"curies":[{"name":"wp","href":"https:\/\/api.w.org\/{rel}","templated":true}]}}