{"id":705,"date":"2024-04-05T02:01:08","date_gmt":"2024-04-05T00:01:08","guid":{"rendered":"https:\/\/ndist.ci\/ndi-admin\/?page_id=705"},"modified":"2024-04-05T02:22:16","modified_gmt":"2024-04-05T00:22:16","slug":"vcloudpoint","status":"publish","type":"page","link":"https:\/\/ndist.ci\/ndi-admin\/index.php\/vcloudpoint\/","title":{"rendered":"Vcloudpoint"},"content":{"rendered":"\t\t<div data-elementor-type=\"wp-page\" data-elementor-id=\"705\" class=\"elementor elementor-705\" data-elementor-post-type=\"page\">\n\t\t\t\t<div data-particle_enable=\"false\" data-particle-mobile-disabled=\"false\" class=\"elementor-element elementor-element-7485325 e-con-full e-flex e-con e-parent\" data-id=\"7485325\" data-element_type=\"container\" data-settings=\"{&quot;background_background&quot;:&quot;classic&quot;}\">\n\t\t\t\t<div class=\"elementor-element elementor-element-cbfda4b elementor-widget elementor-widget-heading\" data-id=\"cbfda4b\" data-element_type=\"widget\" data-widget_type=\"heading.default\">\n\t\t\t\t<div class=\"elementor-widget-container\">\n\t\t\t\t\t<h2 class=\"elementor-heading-title elementor-size-default\">VCLOUDPOINT<\/h2>\t\t\t\t<\/div>\n\t\t\t\t<\/div>\n\t\t\t\t<\/div>\n\t\t<div data-particle_enable=\"false\" data-particle-mobile-disabled=\"false\" class=\"elementor-element elementor-element-db1a3d2 e-flex e-con-boxed e-con e-parent\" data-id=\"db1a3d2\" data-element_type=\"container\" data-settings=\"{&quot;background_background&quot;:&quot;classic&quot;}\">\n\t\t\t\t\t<div class=\"e-con-inner\">\n\t\t<div data-particle_enable=\"false\" data-particle-mobile-disabled=\"false\" class=\"elementor-element elementor-element-3f4e3b6 e-flex e-con-boxed e-con e-child\" data-id=\"3f4e3b6\" data-element_type=\"container\">\n\t\t\t\t\t<div class=\"e-con-inner\">\n\t\t<div data-particle_enable=\"false\" data-particle-mobile-disabled=\"false\" class=\"elementor-element elementor-element-86d4de2 e-flex e-con-boxed e-con e-child\" data-id=\"86d4de2\" data-element_type=\"container\">\n\t\t\t\t\t<div class=\"e-con-inner\">\n\t\t\t\t<div class=\"elementor-element elementor-element-d9bb90a elementor-widget elementor-widget-heading\" data-id=\"d9bb90a\" data-element_type=\"widget\" data-widget_type=\"heading.default\">\n\t\t\t\t<div class=\"elementor-widget-container\">\n\t\t\t\t\t<h2 class=\"elementor-heading-title elementor-size-default\">Informatique partag\u00e9e\n\n<\/h2>\t\t\t\t<\/div>\n\t\t\t\t<\/div>\n\t\t\t\t<div class=\"elementor-element elementor-element-d466ca4 elementor-widget elementor-widget-heading\" data-id=\"d466ca4\" data-element_type=\"widget\" data-widget_type=\"heading.default\">\n\t\t\t\t<div class=\"elementor-widget-container\">\n\t\t\t\t\t<h2 class=\"elementor-heading-title elementor-size-default\">Solutions de virtualisation des postes de travail\n\n<\/h2>\t\t\t\t<\/div>\n\t\t\t\t<\/div>\n\t\t\t\t<div class=\"elementor-element elementor-element-6c6b77a elementor-widget elementor-widget-text-editor\" data-id=\"6c6b77a\" data-element_type=\"widget\" data-widget_type=\"text-editor.default\">\n\t\t\t\t<div class=\"elementor-widget-container\">\n\t\t\t\t\t\t\t\t\t<p>Vcloudpoint fournit des solutions informatiques centralis\u00e9es combin\u00e9es \u00e0 un logiciel de gestion de bureau et \u00e0 des appareils clients z\u00e9ro ou l\u00e9gers aux entreprises clientes. Ces solutions permettent \u00e0 plusieurs utilisateurs de travailler simultan\u00e9ment sur un serveur centralis\u00e9\/h\u00f4te PC, aidant les clients \u00e0 r\u00e9duire les co\u00fbts, simplifier la gestion, am\u00e9liorer la s\u00e9curit\u00e9 et augmenter la productivit\u00e9 sur l&rsquo;informatique de bureau.<\/p>\t\t\t\t\t\t\t\t<\/div>\n\t\t\t\t<\/div>\n\t\t\t\t\t<\/div>\n\t\t\t\t<\/div>\n\t\t<div data-particle_enable=\"false\" data-particle-mobile-disabled=\"false\" class=\"elementor-element elementor-element-6ace0b0 e-flex e-con-boxed e-con e-child\" data-id=\"6ace0b0\" data-element_type=\"container\">\n\t\t\t\t\t<div class=\"e-con-inner\">\n\t\t\t\t<div class=\"elementor-element elementor-element-c67b5f8 elementor-widget elementor-widget-image\" data-id=\"c67b5f8\" data-element_type=\"widget\" data-widget_type=\"image.default\">\n\t\t\t\t<div class=\"elementor-widget-container\">\n\t\t\t\t\t\t\t\t\t\t\t\t\t\t\t<img fetchpriority=\"high\" decoding=\"async\" width=\"1024\" height=\"598\" src=\"https:\/\/ndist.ci\/ndi-admin\/wp-content\/uploads\/2024\/04\/Vcloudpoint-Brand-Logo.png\" class=\"attachment-full size-full wp-image-712\" alt=\"\" srcset=\"https:\/\/ndist.ci\/ndi-admin\/wp-content\/uploads\/2024\/04\/Vcloudpoint-Brand-Logo.png 1024w, https:\/\/ndist.ci\/ndi-admin\/wp-content\/uploads\/2024\/04\/Vcloudpoint-Brand-Logo-300x175.png 300w, https:\/\/ndist.ci\/ndi-admin\/wp-content\/uploads\/2024\/04\/Vcloudpoint-Brand-Logo-768x449.png 768w\" sizes=\"(max-width: 1024px) 100vw, 1024px\" \/>\t\t\t\t\t\t\t\t\t\t\t\t\t\t\t<\/div>\n\t\t\t\t<\/div>\n\t\t\t\t\t<\/div>\n\t\t\t\t<\/div>\n\t\t\t\t\t<\/div>\n\t\t\t\t<\/div>\n\t\t<div data-particle_enable=\"false\" data-particle-mobile-disabled=\"false\" class=\"elementor-element elementor-element-e35f01a e-flex e-con-boxed e-con e-child\" data-id=\"e35f01a\" data-element_type=\"container\">\n\t\t\t\t\t<div class=\"e-con-inner\">\n\t\t<div data-particle_enable=\"false\" data-particle-mobile-disabled=\"false\" class=\"elementor-element elementor-element-d0fd728 e-flex e-con-boxed e-con e-child\" data-id=\"d0fd728\" data-element_type=\"container\">\n\t\t\t\t\t<div class=\"e-con-inner\">\n\t\t\t\t<div class=\"elementor-element elementor-element-55e4ba6 elementor-widget elementor-widget-image\" data-id=\"55e4ba6\" data-element_type=\"widget\" data-widget_type=\"image.default\">\n\t\t\t\t<div class=\"elementor-widget-container\">\n\t\t\t\t\t\t\t\t\t\t\t\t\t\t\t<img decoding=\"async\" width=\"800\" height=\"362\" src=\"https:\/\/ndist.ci\/ndi-admin\/wp-content\/uploads\/2024\/04\/Capture-decran-2024-04-05-a-00.08.25-1024x463.png\" class=\"attachment-large size-large wp-image-716\" alt=\"\" srcset=\"https:\/\/ndist.ci\/ndi-admin\/wp-content\/uploads\/2024\/04\/Capture-decran-2024-04-05-a-00.08.25-1024x463.png 1024w, https:\/\/ndist.ci\/ndi-admin\/wp-content\/uploads\/2024\/04\/Capture-decran-2024-04-05-a-00.08.25-300x136.png 300w, https:\/\/ndist.ci\/ndi-admin\/wp-content\/uploads\/2024\/04\/Capture-decran-2024-04-05-a-00.08.25-768x347.png 768w, https:\/\/ndist.ci\/ndi-admin\/wp-content\/uploads\/2024\/04\/Capture-decran-2024-04-05-a-00.08.25.png 1372w\" sizes=\"(max-width: 800px) 100vw, 800px\" \/>\t\t\t\t\t\t\t\t\t\t\t\t\t\t\t<\/div>\n\t\t\t\t<\/div>\n\t\t\t\t\t<\/div>\n\t\t\t\t<\/div>\n\t\t<div data-particle_enable=\"false\" data-particle-mobile-disabled=\"false\" class=\"elementor-element elementor-element-6ae416d e-flex e-con-boxed e-con e-child\" data-id=\"6ae416d\" data-element_type=\"container\">\n\t\t\t\t\t<div class=\"e-con-inner\">\n\t\t\t\t<div class=\"elementor-element elementor-element-a3c5ad6 elementor-widget elementor-widget-image\" data-id=\"a3c5ad6\" data-element_type=\"widget\" data-widget_type=\"image.default\">\n\t\t\t\t<div class=\"elementor-widget-container\">\n\t\t\t\t\t\t\t\t\t\t\t\t\t\t\t<img decoding=\"async\" width=\"800\" height=\"362\" src=\"https:\/\/ndist.ci\/ndi-admin\/wp-content\/uploads\/2024\/04\/Capture-decran-2024-04-05-a-00.08.17-1024x463.png\" class=\"attachment-large size-large wp-image-717\" alt=\"\" srcset=\"https:\/\/ndist.ci\/ndi-admin\/wp-content\/uploads\/2024\/04\/Capture-decran-2024-04-05-a-00.08.17-1024x463.png 1024w, https:\/\/ndist.ci\/ndi-admin\/wp-content\/uploads\/2024\/04\/Capture-decran-2024-04-05-a-00.08.17-300x136.png 300w, https:\/\/ndist.ci\/ndi-admin\/wp-content\/uploads\/2024\/04\/Capture-decran-2024-04-05-a-00.08.17-768x347.png 768w, https:\/\/ndist.ci\/ndi-admin\/wp-content\/uploads\/2024\/04\/Capture-decran-2024-04-05-a-00.08.17.png 1372w\" sizes=\"(max-width: 800px) 100vw, 800px\" \/>\t\t\t\t\t\t\t\t\t\t\t\t\t\t\t<\/div>\n\t\t\t\t<\/div>\n\t\t\t\t\t<\/div>\n\t\t\t\t<\/div>\n\t\t\t\t\t<\/div>\n\t\t\t\t<\/div>\n\t\t<div data-particle_enable=\"false\" data-particle-mobile-disabled=\"false\" class=\"elementor-element elementor-element-97f3ebe e-flex e-con-boxed e-con e-child\" data-id=\"97f3ebe\" data-element_type=\"container\">\n\t\t\t\t\t<div class=\"e-con-inner\">\n\t\t<div data-particle_enable=\"false\" data-particle-mobile-disabled=\"false\" class=\"elementor-element elementor-element-f39c230 e-flex e-con-boxed e-con e-child\" data-id=\"f39c230\" data-element_type=\"container\">\n\t\t\t\t\t<div class=\"e-con-inner\">\n\t\t\t\t<div class=\"elementor-element elementor-element-bed4f9b elementor-widget elementor-widget-image\" data-id=\"bed4f9b\" data-element_type=\"widget\" data-widget_type=\"image.default\">\n\t\t\t\t<div class=\"elementor-widget-container\">\n\t\t\t\t\t\t\t\t\t\t\t\t\t\t\t<img loading=\"lazy\" decoding=\"async\" width=\"768\" height=\"453\" src=\"https:\/\/ndist.ci\/ndi-admin\/wp-content\/uploads\/2024\/04\/Capture-decran-2024-04-05-a-00.07.23-768x453.png\" class=\"attachment-medium_large size-medium_large wp-image-715\" alt=\"\" srcset=\"https:\/\/ndist.ci\/ndi-admin\/wp-content\/uploads\/2024\/04\/Capture-decran-2024-04-05-a-00.07.23-768x453.png 768w, https:\/\/ndist.ci\/ndi-admin\/wp-content\/uploads\/2024\/04\/Capture-decran-2024-04-05-a-00.07.23-300x177.png 300w, https:\/\/ndist.ci\/ndi-admin\/wp-content\/uploads\/2024\/04\/Capture-decran-2024-04-05-a-00.07.23-1024x604.png 1024w, https:\/\/ndist.ci\/ndi-admin\/wp-content\/uploads\/2024\/04\/Capture-decran-2024-04-05-a-00.07.23.png 1242w\" sizes=\"(max-width: 768px) 100vw, 768px\" \/>\t\t\t\t\t\t\t\t\t\t\t\t\t\t\t<\/div>\n\t\t\t\t<\/div>\n\t\t\t\t\t<\/div>\n\t\t\t\t<\/div>\n\t\t\t\t\t<\/div>\n\t\t\t\t<\/div>\n\t\t\t\t\t<\/div>\n\t\t\t\t<\/div>\n\t\t\t\t<\/div>\n\t\t","protected":false},"excerpt":{"rendered":"<p>VCLOUDPOINT Informatique partag\u00e9e Solutions de virtualisation des postes de travail Vcloudpoint fournit des solutions informatiques centralis\u00e9es combin\u00e9es \u00e0 un logiciel de gestion de bureau et \u00e0 des appareils clients z\u00e9ro ou l\u00e9gers aux entreprises clientes. Ces solutions permettent \u00e0 plusieurs utilisateurs de travailler simultan\u00e9ment sur un serveur centralis\u00e9\/h\u00f4te PC, aidant les clients \u00e0 r\u00e9duire les [&hellip;]<\/p>\n","protected":false},"author":1,"featured_media":0,"parent":0,"menu_order":0,"comment_status":"closed","ping_status":"closed","template":"","meta":{"footnotes":""},"class_list":["post-705","page","type-page","status-publish","hentry"],"_links":{"self":[{"href":"https:\/\/ndist.ci\/ndi-admin\/index.php\/wp-json\/wp\/v2\/pages\/705","targetHints":{"allow":["GET"]}}],"collection":[{"href":"https:\/\/ndist.ci\/ndi-admin\/index.php\/wp-json\/wp\/v2\/pages"}],"about":[{"href":"https:\/\/ndist.ci\/ndi-admin\/index.php\/wp-json\/wp\/v2\/types\/page"}],"author":[{"embeddable":true,"href":"https:\/\/ndist.ci\/ndi-admin\/index.php\/wp-json\/wp\/v2\/users\/1"}],"replies":[{"embeddable":true,"href":"https:\/\/ndist.ci\/ndi-admin\/index.php\/wp-json\/wp\/v2\/comments?post=705"}],"version-history":[{"count":15,"href":"https:\/\/ndist.ci\/ndi-admin\/index.php\/wp-json\/wp\/v2\/pages\/705\/revisions"}],"predecessor-version":[{"id":737,"href":"https:\/\/ndist.ci\/ndi-admin\/index.php\/wp-json\/wp\/v2\/pages\/705\/revisions\/737"}],"wp:attachment":[{"href":"https:\/\/ndist.ci\/ndi-admin\/index.php\/wp-json\/wp\/v2\/media?parent=705"}],"curies":[{"name":"wp","href":"https:\/\/api.w.org\/{rel}","templated":true}]}}